divide 935?
True
Is 204 a multiple of 6?
True
Does 87 divide 49851?
True
Is 728 a multiple of 14?
True
Is 16 a factor of 3056?
True
Does 329 divide 41754?
False
Does 44 divide 3275?
False
Does 7 divide 243?
False
Is 145 a factor of 101355?
True
Is 10 a factor of 2228?
False
Does 14 divide 26659?
False
Is 403 a multiple of 13?
True
Does 3 divide 434?
False
Does 29 divide 9019?
True
Is 40 a factor of 25531?
False
Is 15 a factor of 1620?
True
Is 51 a factor of 1530?
True
Does 9 divide 66596?
False
Is 56 a factor of 5600?
True
Does 6 divide 3205?
False
Is 11 a factor of 143?
True
Is 2136 a multiple of 24?
True
Is 150 a factor of 7030?
False
Is 8 a factor of 1009?
False
Is 17 a factor of 7458?
False
Is 10 a factor of 990?
True
Does 12 divide 1692?
True
Is 49391 a multiple of 210?
False
Does 13 divide 111?
False
Is 2 a factor of 19136?
True
Does 7 divide 854?
True
Is 3648 a multiple of 38?
True
Is 656 a multiple of 4?
True
Is 14562 a multiple of 6?
True
Is 37050 a multiple of 57?
True
Is 10 a factor of 2490?
True
Is 183 a multiple of 18?
False
Does 5 divide 162?
False
Is 8 a factor of 34672?
True
Is 2 a factor of 381?
False
Does 84 divide 50361?
False
Does 20 divide 420?
True
Is 69 a factor of 8625?
True
Is 197 a factor of 9062?
True
Is 33 a factor of 5108?
False
Is 80 a factor of 880?
True
Is 40 a factor of 2384?
False
Does 98 divide 77714?
True
Is 18 a factor of 8478?
True
Does 43 divide 559?
True
Is 17 a factor of 746?
False
Does 21 divide 336?
True
Is 166 a factor of 3585?
False
Is 49 a factor of 3283?
True
Does 21 divide 14049?
True
Does 38 divide 2496?
False
Does 6 divide 4533?
False
Is 10 a factor of 923?
False
Does 5 divide 165?
True
Does 239 divide 478?
True
Is 9004 a multiple of 6?
False
Is 18 a factor of 14634?
True
Is 25 a factor of 266?
False
Is 10 a factor of 273?
False
Does 32 divide 672?
True
Does 46 divide 1383?
False
Is 11 a factor of 10934?
True
Is 17 a factor of 4522?
True
Does 150 divide 78750?
True
Is 4524 a multiple of 19?
False
Does 15 divide 172328?
False
Is 6355 a multiple of 31?
True
Does 75 divide 21000?
True
Is 1758 a multiple of 9?
False
Does 8 divide 2464?
True
Is 5 a factor of 38122?
False
Does 26 divide 962?
True
Does 234 divide 12951?
False
Is 9 a factor of 2227?
False
Is 23 a factor of 207?
True
Does 173 divide 6433?
False
Is 7918 a multiple of 7?
False
Is 33 a factor of 1049?
False
Is 279 a multiple of 22?
False
Is 27588 a multiple of 114?
True
Is 25 a factor of 2500?
True
Is 8 a factor of 5300?
False
Is 36 a factor of 38604?
False
Is 33 a multiple of 2?
False
Is 33 a factor of 5841?
True
Is 71 a factor of 2101?
False
Does 36 divide 7704?
True
Does 11 divide 4598?
True
Is 13 a factor of 1240?
False
Is 6 a factor of 24543?
False
Is 21 a factor of 1701?
True
Is 2555 a multiple of 50?
False
Does 5 divide 287?
False
Does 32 divide 2784?
True
Is 10334 a multiple of 100?
False
Does 27 divide 351?
True
Is 2069 a multiple of 4?
False
Is 316 a multiple of 18?
False
Is 8 a factor of 70?
False
Is 189 a factor of 37987?
False
Is 6864 a multiple of 2?
True
Is 235 a factor of 22726?
False
Does 3 divide 3535?
False
Is 8 a factor of 373?
False
Is 46875 a multiple of 58?
False
Is 1385 a multiple of 5?
True
Is 6 a factor of 2804?
False
Is 16 a factor of 5232?
True
Is 27 a factor of 2349?
True
Is 1958 a multiple of 6?
False
Does 122 divide 20147?
False
Is 462 a multiple of 6?
True
Is 3 a factor of 14842?
False
Is 4122 a multiple of 9?
True
Is 40 a factor of 311?
False
Is 10 a factor of 2600?
True
Is 21 a factor of 162204?
True
Does 6 divide 12701?
False
Does 353 divide 29015?
False
Is 12 a factor of 15013?
False
Does 53 divide 477?
True
Is 31 a factor of 40765?
True
Is 19 a factor of 11881?
False
Is 67 a multiple of 10?
False
Is 2 a factor of 39?
False
Is 7 a factor of 26831?
True
Does 32 divide 10342?
False
Does 181 divide 10023?
False
Is 7 a factor of 225?
False
Is 17 a factor of 867?
True
Is 5696 a multiple of 64?
True
Is 127 a factor of 4445?
True
Is 1280 a multiple of 128?
True
Is 7 a factor of 308?
True
Is 15 a factor of 288?
False
Does 8 divide 1656?
True
Is 127 a factor of 3937?
True
Does 7 divide 1698?
False
Does 13 divide 34619?
True
Does 25 divide 134?
False
Is 366 a multiple of 61?
True
Is 1205 a multiple of 14?
False
Is 17 a factor of 306?
True
Does 57 divide 1219?
False
Is 2 a factor of 963?
False
Is 760 a multiple of 9?
False
Is 1170 a multiple of 2?
True
Is 22 a factor of 22792?
True
Does 15 divide 10090?
False
Does 25 divide 1025?
True
Is 2 a factor of 153?
False
Does 68 divide 14008?
True
Is 22 a factor of 132?
True
Does 17 divide 884?
True
Is 10 a factor of 200?
True
Is 600 a multiple of 25?
True
Does 120 divide 16200?
True
Is 1285 a multiple of 17?
False
Does 84 divide 2436?
True
Is 30 a factor of 16037?
False
Is 37 a factor of 77219?
True
Does 32 divide 352?
True
Is 66 a factor of 445?
False
Does 20 divide 228?
False
Is 110 a factor of 11110?
True
Is 1045 a multiple of 13?
False
Does 10 divide 10?
True
Does 23 divide 368?
True
Is 1935 a multiple of 9?
True
Is 372 a factor of 10416?
True
Is 66 a factor of 4320?
False
Is 9 a factor of 1147?
False
Does 83 divide 578?
False
Does 85 divide 2833?
False
Is 17 a factor of 528?
False
Does 19 divide 2717?
True
Does 115 divide 19327?
False
Is 3750 a multiple of 75?
True
Does 8 divide 9976?
True
Is 626 a multiple of 2?
True
Is 21 a factor of 126?
True
Does 7 divide 805?
True
Is 31499 a multiple of 217?
False
Is 4830 a multiple of 15?
True
Does 17 divide 904?
False
Does 9 divide 873?
True
Does 22 divide 2218?
False
Does 37 divide 5328?
True
Is 9122 a multiple of 5?
False
Is 5 a factor of 88?
False
Is 822 a multiple of 6?
True
Is 36 a factor of 15585?
False
Is 54 a factor of 6100?
False
Does 95 divide 35720?
True
Is 1070 a multiple of 5?
True
Is 15 a factor of 126990?
True
Is 736 a multiple of 16?
True
Is 52 a factor of 857?
False
Is 36614 a multiple of 14?
False
Does 114 divide 68323?
False
Is 3 a factor of 1628?
False
Is 8084 a multiple of 94?
True
Does 32 divide 608?
True
Is 4 a factor of 25?
False
Does 80 divide 17012?
False
Does 18 divide 6828?
False
Does 9 divide 2785?
False
Is 12 a factor of 6891?
False
Is 53 a factor of 2120?
True
Does 17 divide 33163?
False
Is 1628 a multiple of 74?
True
Is 7 a factor of 217?
True
Does 14 divide 580?
False
Does 33 divide 1782?
True
Is 33 a factor of 5641?
False
Is 1778 a multiple of 8?
False
Does 64 divide 6318?
False
Is 4971 a multiple of 13?
False
Is 68890 a multiple of 276?
False
Is 27210 a multiple of 30?
True
Is 3939 a multiple of 26?
False
Is 270 a multiple of 10?
True
Is 13 a factor of 5707?
True
Does 9 divide 1008?
True
Does 15 divide 675?
True
Does 78 divide 1560?
True
Does 21 divide 394?
False
Is 235 a multiple of 24?
False
Does 65 divide 2275?
True
Is 12860 a multiple of 5?
True
Does 3 divide 12321?
True
Is 1763 a multiple of 106?
False
Does 8 divide 74408?
True
Is 28 a factor of 1804?
False
Is 147 a multiple of 21?
True
Is 1081 a multiple of 47?
True
Is 30 even?
True
Is 9304 a multiple of 48?
False
Is 9 a factor of 4383?
True
Is 31 a factor of 3472?
True
Is 25560 a multiple of 60?
True
Is 4410 a multiple of 42?
True
Is 4023 a multiple of 149?
True
Is 27 a factor of 594?
True
Does 429 divide 82797?
True
Is 20 a factor of 456?
False
Is 106 a factor of 2729?
False
Does 3 divide 480?
True
Is 41 a factor of 3321?
True
Does 27 divide 5331?
False
Is 138 a multiple of 7?
False
Is 21 a factor of 3392?
False
Is 4 a factor of 145?
False
Is 1146 a multiple of 43?
False
Does 20 divide 620?
True
Is 33015 a multiple of 87?
False
Is 32012 a multiple of 53?
True
Is 6336 a multiple of 20?
False
Is 6 a factor of 546?
True
Is 32 a factor of 2815?
False
Is 53 a factor of 5637?
False
Is 308 a multiple of 12?
False
Is 2132 a multiple of 4?
True
Is 28827 a multiple of 5?
False
Is 25 a factor of 2308?
False
Is 2842 a multiple of 29?
True
Does 99 divide 9108?
True
Does 17 divide 6528?
True
Is 19 a factor of 42275?
True
Does 36 divide 1509?
False
Does 12 divide 3051?
False
Does 23 divide 552?
True
Does 94 divide 5573?
False
Is 14549 a multiple of 12?
False
Is 24 a factor of 12720?
True
Is 11 a factor of 30832?
False
Is 10 a factor of 3370?
True
Is 57 a factor of 3024?
False
Is 9072 a multiple of 126?
True
Is 320 a multiple of 10?
True
Is 2 a f